{"id":458,"date":"2017-10-02T10:55:26","date_gmt":"2017-10-02T08:55:26","guid":{"rendered":"http:\/\/www.tollkoetter.de\/shop\/?post_type=product&#038;p=458"},"modified":"2026-01-29T07:25:21","modified_gmt":"2026-01-29T06:25:21","slug":"das-nussige-2","status":"publish","type":"product","link":"https:\/\/www.tollkoetter.de\/shop\/produkt\/das-nussige-2\/","title":{"rendered":"Das Nussige in der Dose"},"content":{"rendered":"","protected":false},"excerpt":{"rendered":"<p>Unser Tollk\u00f6tter Das Nussige ist ein herrlich schmeckendes veganes Roggenvollkornbrot in den 5 verschiedene Nusssorten (Cashewkerne, Haseln\u00fcsse, Waln\u00fcsse, Erdn\u00fcsse und Mandeln) mit gebacken werden. F\u00fcr einen l\u00e4ngeren frischen Genuss bieten wir Ihnen das Nussige in der Dose an. Das Brot wird direkt in der Dose gebacken und beh\u00e4lt in der Dose l\u00e4nger seinen frischen Geschmack.<\/p>\n<p>Das Tollk\u00f6tter Das Nussige besteht aus:<\/p>\n<p>100 % Roggenvollkornmehl, Cashewkerne, Erdn\u00fcsse, Mandeln, Waln\u00fcsse, Haseln\u00fcsse,\u00a0Natursauerteig, Hefe, Steinsalz<\/p>\n<p>Gewicht: ca. 500g\u00a0(Grundpreis: 16,50 \u20ac je 1 kg)<\/p>\n","protected":false},"featured_media":605,"comment_status":"closed","ping_status":"closed","template":"","meta":[],"product_brand":[],"product_cat":[130,6],"product_tag":[],"class_list":{"0":"post-458","1":"product","2":"type-product","3":"status-publish","4":"has-post-thumbnail","6":"product_cat-dosenbrot","7":"product_cat-vollkorn","9":"first","10":"outofstock","11":"taxable","12":"shipping-taxable","13":"purchasable","14":"product-type-simple"},"_links":{"self":[{"href":"https:\/\/www.tollkoetter.de\/shop\/wp-json\/wp\/v2\/product\/458","targetHints":{"allow":["GET"]}}],"collection":[{"href":"https:\/\/www.tollkoetter.de\/shop\/wp-json\/wp\/v2\/product"}],"about":[{"href":"https:\/\/www.tollkoetter.de\/shop\/wp-json\/wp\/v2\/types\/product"}],"replies":[{"embeddable":true,"href":"https:\/\/www.tollkoetter.de\/shop\/wp-json\/wp\/v2\/comments?post=458"}],"wp:featuredmedia":[{"embeddable":true,"href":"https:\/\/www.tollkoetter.de\/shop\/wp-json\/wp\/v2\/media\/605"}],"wp:attachment":[{"href":"https:\/\/www.tollkoetter.de\/shop\/wp-json\/wp\/v2\/media?parent=458"}],"wp:term":[{"taxonomy":"product_brand","embeddable":true,"href":"https:\/\/www.tollkoetter.de\/shop\/wp-json\/wp\/v2\/product_brand?post=458"},{"taxonomy":"product_cat","embeddable":true,"href":"https:\/\/www.tollkoetter.de\/shop\/wp-json\/wp\/v2\/product_cat?post=458"},{"taxonomy":"product_tag","embeddable":true,"href":"https:\/\/www.tollkoetter.de\/shop\/wp-json\/wp\/v2\/product_tag?post=458"}],"curies":[{"name":"wp","href":"https:\/\/api.w.org\/{rel}","templated":true}]}}