{"id":139,"date":"2017-02-15T10:40:58","date_gmt":"2017-02-15T09:40:58","guid":{"rendered":"http:\/\/www.tollkoetter.de\/shop\/\/?post_type=product&#038;p=139"},"modified":"2026-01-29T07:42:50","modified_gmt":"2026-01-29T06:42:50","slug":"tolle-stange","status":"publish","type":"product","link":"https:\/\/www.tollkoetter.de\/shop\/produkt\/tolle-stange\/","title":{"rendered":"Tolle Stange"},"content":{"rendered":"","protected":false},"excerpt":{"rendered":"<p>Unsere vegane Tollk\u00f6tter tolle Stange ist eine Vollkornstange zur Vollwertern\u00e4hrung mit ger\u00f6steten Sonnenblumenkernen und ist leicht nussig im Geschmack. Einfach vor dem Genuss noch einmal bei 150\u00b0 ca. 12 Minuten (je nach Ofentyp) aufbacken.<\/p>\n<p>Die Tollk\u00f6tter tolle Stange besteht aus:<br \/>\n100 % Roggenvollkornmehl,<br \/>\nger\u00f6steten Sonnenblumenkernen,<br \/>\nNatursauerteig, Hefe, Steinsalz<\/p>\n<p>Gewicht: St\u00fcckpreis\u00a0(Grundpreis: 8,70 \u20ac je 1 kg)<\/p>\n","protected":false},"featured_media":83,"comment_status":"closed","ping_status":"closed","template":"","meta":[],"product_brand":[],"product_cat":[101,12,6],"product_tag":[82,81],"class_list":{"0":"post-139","1":"product","2":"type-product","3":"status-publish","4":"has-post-thumbnail","6":"product_cat-roggenweizen-mischbrot","7":"product_cat-vegan","8":"product_cat-vollkorn","9":"product_tag-vollkorn","10":"product_tag-vollwerternaehrung","12":"first","13":"instock","14":"taxable","15":"shipping-taxable","16":"purchasable","17":"product-type-simple"},"_links":{"self":[{"href":"https:\/\/www.tollkoetter.de\/shop\/wp-json\/wp\/v2\/product\/139","targetHints":{"allow":["GET"]}}],"collection":[{"href":"https:\/\/www.tollkoetter.de\/shop\/wp-json\/wp\/v2\/product"}],"about":[{"href":"https:\/\/www.tollkoetter.de\/shop\/wp-json\/wp\/v2\/types\/product"}],"replies":[{"embeddable":true,"href":"https:\/\/www.tollkoetter.de\/shop\/wp-json\/wp\/v2\/comments?post=139"}],"wp:featuredmedia":[{"embeddable":true,"href":"https:\/\/www.tollkoetter.de\/shop\/wp-json\/wp\/v2\/media\/83"}],"wp:attachment":[{"href":"https:\/\/www.tollkoetter.de\/shop\/wp-json\/wp\/v2\/media?parent=139"}],"wp:term":[{"taxonomy":"product_brand","embeddable":true,"href":"https:\/\/www.tollkoetter.de\/shop\/wp-json\/wp\/v2\/product_brand?post=139"},{"taxonomy":"product_cat","embeddable":true,"href":"https:\/\/www.tollkoetter.de\/shop\/wp-json\/wp\/v2\/product_cat?post=139"},{"taxonomy":"product_tag","embeddable":true,"href":"https:\/\/www.tollkoetter.de\/shop\/wp-json\/wp\/v2\/product_tag?post=139"}],"curies":[{"name":"wp","href":"https:\/\/api.w.org\/{rel}","templated":true}]}}