{"id":103,"date":"2017-02-14T17:10:22","date_gmt":"2017-02-14T16:10:22","guid":{"rendered":"http:\/\/www.tollkoetter.de\/shop\/\/?post_type=product&#038;p=103"},"modified":"2026-01-29T07:48:24","modified_gmt":"2026-01-29T06:48:24","slug":"bio-vollkornbrot-mit-geschroteten-sonnenblumenkernen","status":"publish","type":"product","link":"https:\/\/www.tollkoetter.de\/shop\/produkt\/bio-vollkornbrot-mit-geschroteten-sonnenblumenkernen\/","title":{"rendered":"Bio Vollkornbrot"},"content":{"rendered":"","protected":false},"excerpt":{"rendered":"<p>Unser Tollk\u00f6tter Biovollkornbrot ist ein veganes Vollkornbrot zur Vollwertern\u00e4hrung. Das Vollkorn wird mit Naturmahlsteinen langsam ausgemahlen, daher keine Erw\u00e4rmung. S\u00e4mtliche N\u00e4hrstoffe bleiben als gesunde Kost in der biologisch wertvollen Substanz erhalten.<\/p>\n<p>Das Tollk\u00f6tter Biovollkornbrot besteht aus:<br \/>\nca. 60 % Roggenvollkornmehl,<br \/>\nca. 40 % Weizenvollkornmehl,<br \/>\nNatursauerteig, Hefe, Meersalz<\/p>\n<p>Gewicht: 1000g (Grundpreis: 7,37 \u20ac je 1 kg)<\/p>\n","protected":false},"featured_media":41,"comment_status":"closed","ping_status":"closed","template":"","meta":[],"product_brand":[],"product_cat":[37,101,12,6],"product_tag":[92],"class_list":{"0":"post-103","1":"product","2":"type-product","3":"status-publish","4":"has-post-thumbnail","6":"product_cat-mehrkorn","7":"product_cat-roggenweizen-mischbrot","8":"product_cat-vegan","9":"product_cat-vollkorn","10":"product_tag-bio-vollkornbrot","12":"first","13":"instock","14":"taxable","15":"shipping-taxable","16":"purchasable","17":"product-type-simple"},"_links":{"self":[{"href":"https:\/\/www.tollkoetter.de\/shop\/wp-json\/wp\/v2\/product\/103","targetHints":{"allow":["GET"]}}],"collection":[{"href":"https:\/\/www.tollkoetter.de\/shop\/wp-json\/wp\/v2\/product"}],"about":[{"href":"https:\/\/www.tollkoetter.de\/shop\/wp-json\/wp\/v2\/types\/product"}],"replies":[{"embeddable":true,"href":"https:\/\/www.tollkoetter.de\/shop\/wp-json\/wp\/v2\/comments?post=103"}],"wp:featuredmedia":[{"embeddable":true,"href":"https:\/\/www.tollkoetter.de\/shop\/wp-json\/wp\/v2\/media\/41"}],"wp:attachment":[{"href":"https:\/\/www.tollkoetter.de\/shop\/wp-json\/wp\/v2\/media?parent=103"}],"wp:term":[{"taxonomy":"product_brand","embeddable":true,"href":"https:\/\/www.tollkoetter.de\/shop\/wp-json\/wp\/v2\/product_brand?post=103"},{"taxonomy":"product_cat","embeddable":true,"href":"https:\/\/www.tollkoetter.de\/shop\/wp-json\/wp\/v2\/product_cat?post=103"},{"taxonomy":"product_tag","embeddable":true,"href":"https:\/\/www.tollkoetter.de\/shop\/wp-json\/wp\/v2\/product_tag?post=103"}],"curies":[{"name":"wp","href":"https:\/\/api.w.org\/{rel}","templated":true}]}}